e x(7). Let o be ((-20)/40)/(1/f). Let t(k) = 3 + 2*k + o - 2 - 1. Determine t(-6).
-11
Let w(q) be the first derivative of q**3/3 - 3*q**2 + 6*q + 2. Let i be ((48/(-10))/(-3))/(8/(-100)). Let l = i - -27. Calculate w(l).
13
Let s = 1783 + -1792. Let g(r) = 8*r + 47. What is g(s)?
-25
Let o(n) = -n**2 - 11*n - 3. Suppose -71 + 6 = -13*t. Suppose -m - t = a, a = -5*m - 3*a - 29. Determine o(m).
15
Let m(d) = d. Let r(s) = 12*s**2 + 7*s. Let u(y) = 6*m(y) - r(y). Let q(g) = 11*g**2 - 309*g + 27. Let k be q(28). Give u(k).
-11
Let p(n) = n**2 + 4*n + 4. Let t(s) = s**3 - 8*s**2 - 9*s + 2. Let q be 36/(-16)*(-2 - 2). Let x be t(q). Suppose -y + 0*y - 3 = 2*m, -2*y = 2*m - x. Give p(m).
4
Let j(w) = -38*w + 1. Suppose -5*z = -38*z + 33. What is j(z)?
-37
Let h(t) be the third derivative of t**4/24 + 2*t**3 + 6*t**2. Let n = -22 + 24. Suppose 2*u = -2*c + 7 - 17, -n*c = -4*u - 38. Determine h(u).
4
Let j(z) = 2*z**2 - 10*z - 27. Let q be 140/16 + 1/4. Let i be j(q). Let n = i + -38. Let a(y) = y**3 - 7*y**2 - 1. Calculate a(n).
-1
Let y(m) = -m - 2. Let o = -10 - -23. Suppose -4*n = -4*r - 36, n - 2*r = r + o. What is y(n)?
-9
Let r(j) = 5*j - 22454*j**2 - 26 + 11226*j**2 + 11229*j**2. What is r(-8)?
-2
Let b(n) be the first derivative of -n**4/4 - 3*n**3 - 7*n**2/2 + 5*n - 8. Let w = 1160 + -1168. Calculate b(w).
-3
Let h(r) = -r**2 - 12*r - 6. Suppose 0 = -1987*s + 2011*s + 264 + 24. What is h(s)?
-6
Let k = 124 + -111. Let u = 10 - k. Let q(x) = -2*x - 4 + 3 + 4. Give q(u).
9
Let o(c) = 9 - 6*c**3 + 5 + 2*c + 17*c**3 - 5 + 3*c**2 - 12*c**3. Give o(4).
1
Let b(c) = 9*c**3 - 9*c**2 - 27*c + 3. Let d(o) = 2 - 1 - 13*o - 23*o**2 + 18*o**2 + 4*o**3. Let z(x) = 3*b(x) - 7*d(x). Determine z(9).
11
Let m(w) = w**2 - 15*w - 107. Suppose 203 = 3*l - 3*u + 116, 118 = 5*l - 2*u. Calculate m(l).
-7
Let y(u) = -u**3 + 6*u**2 - 2*u - 3. Suppose 0 = -8*z - 899 - 101. Let g = z - -113. Let f = 17 + g. Give y(f).
12
Let y be 2*(-7)/2 - 0. Let v(z) = 173097*z - 247 - 173096*z + 234. What is v(y)?
-20
Let r(j) = 33*j**3 + 10*j - 24*j + 23*j - 15*j**3 - 29 - 17*j**3 + 14*j**2. Give r(-13).
23
Let p(o) = -107*o - 1 + 209*o - 107*o. Suppose -3 = -2*r - 9. Determine p(r).
14
Suppose 13*h = -12*h + 39 + 86. Suppose -8 = -2*f + 10. Let r = h - f. Let j(p) = 2*p - 3. Give j(r).
-11
Suppose 4*x = -r - 10, 6 = -3*x - 20*r + 19*r. Let k(y) = -y**3 - 3*y**2 + 12*y + 33. Calculate k(x).
1
Suppose -3*h + 130 = -3*i + 34, 2*i + 6 = 0. Let w = h + -25. Suppose -8 = w*o + 16. Let s(t) = -2*t**2 - 8*t + 6. Give s(o).
-18
Let u(x) be the first derivative of 1/3*x**3 + 2*x + 73 - 1/2*x**2. Give u(4).
14
Suppose -43*y + 27 = -16*y. Let t(f) = 10*f - 15. Determine t(y).
-5
Let o(c) = -8*c + 2. Suppose -5*j + 9 = -2*n, 3*n = -j - 2 - 3. Let f be (75 + 15)*4/10. Let d be n*2/6 - f/27. Give o(d).
18
Let l = 155 + -153. Let q(c) = -28 - 34 + 88 - 28 - 2*c**2 - l*c. Calculate q(-3).
-14
Let k(r) be the first derivative of r + 0*r**2 - 10 + 2/3*r**3. Let n = -13 - -12. What is k(n)?
3
Let n(m) = 10*m + 97. Suppose 4*d - 222 + 259 = -3*k, -5*k - 56 = d. Give n(k).
-13
Let j(d) be the third derivative of -d**5/60 - 13*d**4/8 - d**3/6 - 2*d**2 - 3*d - 849. Give j(-39).
-1
Let h = 69 - 63. Let x = -1 - h. Let f(c) be the second derivative of -c**4/12 - 5*c**3/3 - 3*c**2 - 4*c + 1. Calculate f(x).
15
Let x(j) = 4*j**3 - j**2 + 1. Let o = 68 - 68. Suppose 3*i = -o*k - 5*k + 40, 0 = -5*k + 5*i. Let u be (-2)/(-1) + -6 + k. What is x(u)?
4
Suppose -3450*g + 3414*g = -36. Let a(d) = 28*d - 2. Calculate a(g).
26
Let y(o) be the third derivative of -o**5/60 - 5*o**4/8 - 7*o**3 + 6*o**2 + 106*o. Determine y(-11).
2
Let w(a) = -3*a**2 - 3962 + 7*a**2 - 14*a + 3989 - 3*a**2. Determine w(14).
27
Let d(c) = -c**3 + 7*c**2 - c - 24. Suppose -127*i + 124*i + 15 = 5*v, -45 = -5*v + 3*i. Give d(v).
6
Let b(n) = n**2 + 11*n - 2. Suppose 3*y = -2*g + 15, 2 + 13 = 4*g + y. Suppose g*w + 4 = 85. Let c = 19 - w. What is b(c)?
-26
Let w be 1/(-15) - ((-9)/15)/((-33)/(-22)). Let o(i) be the second derivative of 14*i - w*i**3 + 0 - 1/12*i**4 - i**2. Calculate o(-2).
-2
Let x(r) = 2*r + 3. Suppose -j - 3*n = 18, 395 = 2*j - n + 403. Calculate x(j).
-9
Let s(q) be the second derivative of 5*q**3/6 - 7*q**2/2 - 2*q + 422. Let l = 9 + -4. Give s(l).
18
Let v(m) = -m**2 + 12*m + 38. Let x = 33252 + -33238. Calculate v(x).
10
Let n be 10/(-4) - (-1)/2. Let v(p) = 13*p**2 + 2*p. Let g be v(-1). Let b(d) = -g*d**2 - 10*d**2 + 4*d + 22*d**2 + 3. Calculate b(n).
-1
Let u(m) = 20*m**2 - 17. Let x(n) = 7*n**2 - 5. Let g(p) = 2*u(p) - 7*x(p). Let j be (0/2 - (-1 - -2))*1. What is g(j)?
-8
Let z be -6 + (2 - (0 + 2)). Let i(r) = -r - 8. Let h(x) = -56*x - 10 + 55*x - 1. Let q(b) = 3*h(b) - 4*i(b). Calculate q(z).
-7
Let m(x) = x**3 + 4*x**2 - 5. Let i(d) = 289*d + 910. Let n be i(-3). Let p(f) = 20*f - 1. Let t be p(2). Let s = t - n. Give m(s).
-5
Suppose 3*r - 5*k = 31, -2*r = -5*k - 1 - 18. Suppose -2*x + 5*b = -21, -x - 3*b = -b + r. Let a(p) = -p**2 + 2*p + 2. Determine a(x).
-6
Let o(v) = -9*v**2 + v. Suppose -9*j + 4*j = 45. Suppose 3*l + 4*z - 8*z - 5 = 0, 4*l - 2*z = 10. Let b be (-6)/j*l/2. Calculate o(b).
-8
Let p be (-2)/((-14)/(-49)) + 11. Let c(o) = -o**2 - 5*o. Calculate c(p).
-36
Let v(z) = -19*z + 14. Suppose 0 = -1627*k + 1639*k + 24. What is v(k)?
52
Suppose -7*q + 3*q = -8. Suppose -28 = -5*k - q*k. Let h(t) = 7*t - 5*t**2 - t + k*t**2. Determine h(6).
0
Let q(i) = -12*i**2 + 37*i**3 - 65*i**3 - 14*i + 16*i**3 + 6 + 13*i**3. Let b be -3*39/(-18)*2. What is q(b)?
-7
Suppose 3072*a - 3068*a + 2*w = 46, 20 = -a + 4*w. Let q(t) = t + 32. Calculate q(a).
40
Let a(q) be the third derivative of -q**6/120 - q**5/15 + 11*q**4/24 - 17*q**3/6 - 6*q**2 - 5. What is a(-6)?
-11
Let x(y) = 8*y + 23. Let f(m) = -m - 4. Let c(k) = -6*f(k) - x(k). Let h(z) = 7. Let g(s) = -2*c(s) + h(s). Give g(-2).
-3
Let z(k) = k**3 - 6*k**2 - 5*k + 7. Let c = -264 - -267. Suppose -c*b = -a + 17 + 4, 0 = 2*a + 5*b + 13. Give z(a).
-23
Let s(t) = -2*t - 22. Suppose -120735 + 120551 = 23*o. What is s(o)?
-6
Let r(n) = n - 2. Let d be ((-8)/12*-6 - -2) + -1. Suppose 0 = p + d*w + 34, p = 2*p - w + 4. Give r(p).
-11
Let o(x) = x**3 - 5*x**2 - 5*x - 6. Let v be -4 - -1 - 20/(-4). Suppose v*s + 1 + 1 = -d, 24 = -2*d + s. Let g be d/5 + 2 + 6. Determine o(g).
0
Let q(i) = -i**3 + 27*i**2 - 25*i - 38. Suppose -26 = -157*v + 156*v. Determine q(v).
-12
Let z = 606 - 537. Suppose 4*g = -z + 65. Let s(h) = h + 5. Calculate s(g).
4
Let b(d) = -2*d**3 - d**2 - d - 2. Let w be 730/(-45) - (-6)/27. Let c(u) be the first derivative of u**2/2 + 14*u - 1. Let j be c(w). Calculate b(j).
12
Suppose 315 = -2*c + 7*c. Suppose 9*i - 63 = c. Let l(k) = -i*k**2 - 3*k + 15*k**2 + 4*k + 14. Give l(0).
14
Let u(v) be the third derivative of v**6/120 + v**5/10 - v**4/3 - 7*v**3/6 + 3*v**2. Let p = 2895 + -2902. What is u(p)?
0
Let q(f) = 190*f + 1344. Let v be q(-7). Let c(o) = 10*o + 41. Determine c(v).
181
Let s(g) = -g**3 + 3*g**2 + 7*g - 6. Let f(x) = 2*x. Let a(b) = b. Let i(o) = -3*a(o) + f(o). Let j(z) = i(z) + s(z). Let q = -639861 - -639865. Calculate j(q).
2
Let g(b) be the first derivative of -b**4/4 - 17*b**3/3 - 73*b**2/2 + b + 5345. Give g(-9).
10
Let u = -20036 + 20042. Let s(t) = t**3 - 5*t**2 + 2*t - 10. Give s(u).
38
Let n be -1 - -3 - 8*(-12)/24 - -1. Let f(i) = -9*i**2 + 0*i - 10 + 2*i**2 + 2*i + i**3. Determine f(n).
4
Let a(u) = -u**3 + 12*u**2 - 3*u - 9. Let v(b) = -b**3 + 14*b**2 - 4*b - 8. Let r(y) = 4*a(y) - 3*v(y). Calculate r(6).
-12
Let r = 208 - 208. Let z(k) = 28*k - 5 + 27*k - 54*k. Determine z(r).
-5
Suppose -4*f - 2*u = -2 - 26, -f + 2 = -2*u. Let x = -79 + 76. Let g be (x/6)/(f/72). Let r(s) = s**3 + 6*s**2 - 2*s - 9. What is r(g)?
3
Suppose 9 = 5*h - 16. Suppose -6 = 6*j - 9*j, 4*r = 5*j + 74. Let w be (h/3)/(-1) - (-14)/r. Let n(p) = -p - 1. Calculate n(w).
0
Let r(j) = -j**3 - 7*j**2 + 14*j + 8. Let w be 2/((-6)/33) - (-3 + -35 + 36). Give r(w).
44
Suppose -17*t = -13*t - 8. Suppose 0 = 4*h + g + 2*g + 3, t*g + 19 = 3*h. Let j(y) = y**2 - y + 4. Give j(h).
10
Let w(z) be the first derivative of 6 + 1/3*z**3 + 23/2*z**2 + 1/8*z**4 + 0*z. Let f(a) be the second derivative of w(a). What is f(2)?
8
Let r(n) = -4*n - 52. Let g = 7428 - 7